[INFO] fetching crate interledger-packet 0.4.0...
[INFO] checking interledger-packet-0.4.0 against master#9610dfe5a9a731ced1ea4923ecbd0c57fe367898 for beta-170-4
[INFO] extracting crate interledger-packet 0.4.0 into /workspace/builds/worker-7-tc1/source
[INFO] validating manifest of crates.io crate interledger-packet 0.4.0 on toolchain 9610dfe5a9a731ced1ea4923ecbd0c57fe367898
[INFO] running `Command { std: CARGO_HOME="/workspace/cargo-home" RUSTUP_HOME="/workspace/rustup-home" "/workspace/cargo-home/bin/cargo" "+9610dfe5a9a731ced1ea4923ecbd0c57fe367898" "metadata" "--manifest-path" "Cargo.toml" "--no-deps", kill_on_drop: false }`
[INFO] started tweaking crates.io crate interledger-packet 0.4.0
[INFO] finished tweaking crates.io crate interledger-packet 0.4.0
[INFO] tweaked toml for crates.io crate interledger-packet 0.4.0 written to /workspace/builds/worker-7-tc1/source/Cargo.toml
[INFO] running `Command { std: CARGO_HOME="/workspace/cargo-home" RUSTUP_HOME="/workspace/rustup-home" __CARGO_TEST_CHANNEL_OVERRIDE_DO_NOT_USE_THIS="nightly" "/workspace/cargo-home/bin/cargo" "+9610dfe5a9a731ced1ea4923ecbd0c57fe367898" "generate-lockfile" "--manifest-path" "Cargo.toml" "-Zno-index-update", kill_on_drop: false }`
[INFO] running `Command { std: CARGO_HOME="/workspace/cargo-home" RUSTUP_HOME="/workspace/rustup-home" "/workspace/cargo-home/bin/cargo" "+9610dfe5a9a731ced1ea4923ecbd0c57fe367898" "fetch" "--manifest-path" "Cargo.toml", kill_on_drop: false }`
[INFO] running `Command { std: "docker" "create" "-v" "/var/lib/crater-agent-workspace/builds/worker-7-tc1/target:/opt/rustwide/target:rw,Z" "-v" "/var/lib/crater-agent-workspace/builds/worker-7-tc1/source:/opt/rustwide/workdir:ro,Z" "-v" "/var/lib/crater-agent-workspace/cargo-home:/opt/rustwide/cargo-home:ro,Z" "-v" "/var/lib/crater-agent-workspace/rustup-home:/opt/rustwide/rustup-home:ro,Z" "-e" "SOURCE_DIR=/opt/rustwide/workdir" "-e" "CARGO_TARGET_DIR=/opt/rustwide/target" "-e" "CARGO_HOME=/opt/rustwide/cargo-home" "-e" "RUSTUP_HOME=/opt/rustwide/rustup-home" "-w" "/opt/rustwide/workdir" "-m" "1610612736" "--user" "0:0" "--network" "none" "ghcr.io/rust-lang/crates-build-env/linux@sha256:19e73879b68f455e41552ea35293514db52ea292d993f571636dbffedb77a1ee" "/opt/rustwide/cargo-home/bin/cargo" "+9610dfe5a9a731ced1ea4923ecbd0c57fe367898" "metadata" "--no-deps" "--format-version=1", kill_on_drop: false }`
[INFO] [stdout] b911a2717cd2e91abb45b4702ef6dda00e6dd171922ab64247e4698aae5af887
[INFO] running `Command { std: "docker" "start" "-a" "b911a2717cd2e91abb45b4702ef6dda00e6dd171922ab64247e4698aae5af887", kill_on_drop: false }`
[INFO] running `Command { std: "docker" "inspect" "b911a2717cd2e91abb45b4702ef6dda00e6dd171922ab64247e4698aae5af887", kill_on_drop: false }`
[INFO] running `Command { std: "docker" "rm" "-f" "b911a2717cd2e91abb45b4702ef6dda00e6dd171922ab64247e4698aae5af887", kill_on_drop: false }`
[INFO] [stdout] b911a2717cd2e91abb45b4702ef6dda00e6dd171922ab64247e4698aae5af887
[INFO] running `Command { std: "docker" "create" "-v" "/var/lib/crater-agent-workspace/builds/worker-7-tc1/target:/opt/rustwide/target:rw,Z" "-v" "/var/lib/crater-agent-workspace/builds/worker-7-tc1/source:/opt/rustwide/workdir:ro,Z" "-v" "/var/lib/crater-agent-workspace/cargo-home:/opt/rustwide/cargo-home:ro,Z" "-v" "/var/lib/crater-agent-workspace/rustup-home:/opt/rustwide/rustup-home:ro,Z" "-e" "SOURCE_DIR=/opt/rustwide/workdir" "-e" "CARGO_TARGET_DIR=/opt/rustwide/target" "-e" "CARGO_INCREMENTAL=0" "-e" "RUST_BACKTRACE=full" "-e" "RUSTFLAGS=--cap-lints=forbid" "-e" "RUSTDOCFLAGS=--cap-lints=forbid" "-e" "CARGO_HOME=/opt/rustwide/cargo-home" "-e" "RUSTUP_HOME=/opt/rustwide/rustup-home" "-w" "/opt/rustwide/workdir" "-m" "1610612736" "--user" "0:0" "--network" "none" "ghcr.io/rust-lang/crates-build-env/linux@sha256:19e73879b68f455e41552ea35293514db52ea292d993f571636dbffedb77a1ee" "/opt/rustwide/cargo-home/bin/cargo" "+9610dfe5a9a731ced1ea4923ecbd0c57fe367898" "check" "--frozen" "--all" "--all-targets" "--message-format=json", kill_on_drop: false }`
[INFO] [stdout] e42152702b9a0f54ca6caf200feb123098206cdd99d3aea4588bcbf2e9ec0553
[INFO] running `Command { std: "docker" "start" "-a" "e42152702b9a0f54ca6caf200feb123098206cdd99d3aea4588bcbf2e9ec0553", kill_on_drop: false }`
[INFO] [stderr]    Compiling autocfg v1.1.0
[INFO] [stderr]    Compiling proc-macro2 v1.0.59
[INFO] [stderr]    Compiling unicode-ident v1.0.9
[INFO] [stderr]    Compiling quote v1.0.28
[INFO] [stderr]    Compiling serde v1.0.163
[INFO] [stderr]    Compiling libc v0.2.144
[INFO] [stderr]    Compiling crossbeam-utils v0.8.15
[INFO] [stderr]     Checking cfg-if v1.0.0
[INFO] [stderr]    Compiling memchr v2.5.0
[INFO] [stderr]     Checking scopeguard v1.1.0
[INFO] [stderr]     Checking itoa v1.0.6
[INFO] [stderr]     Checking either v1.8.1
[INFO] [stderr]    Compiling serde_json v1.0.96
[INFO] [stderr]    Compiling rayon-core v1.11.0
[INFO] [stderr]     Checking ryu v1.0.13
[INFO] [stderr]    Compiling memoffset v0.8.0
[INFO] [stderr]    Compiling num-traits v0.2.15
[INFO] [stderr]    Compiling crossbeam-epoch v0.9.14
[INFO] [stderr]     Checking crossbeam-channel v0.5.8
[INFO] [stderr]     Checking plotters-backend v0.3.4
[INFO] [stderr]     Checking regex-syntax v0.7.2
[INFO] [stderr]     Checking unicode-width v0.1.10
[INFO] [stderr]     Checking textwrap v0.11.0
[INFO] [stderr]     Checking plotters-svg v0.3.3
[INFO] [stderr]     Checking csv-core v0.1.10
[INFO] [stderr]    Compiling syn v2.0.18
[INFO] [stderr]     Checking crossbeam-deque v0.8.3
[INFO] [stderr]     Checking itertools v0.10.5
[INFO] [stderr]     Checking num_cpus v1.15.0
[INFO] [stderr]     Checking iovec v0.1.4
[INFO] [stderr]     Checking half v1.8.2
[INFO] [stderr]     Checking cast v0.3.0
[INFO] [stderr]     Checking byteorder v1.4.3
[INFO] [stderr]    Compiling serde_test v1.0.163
[INFO] [stderr]     Checking lazy_static v1.4.0
[INFO] [stderr]     Checking same-file v1.0.6
[INFO] [stderr]     Checking bitflags v1.3.2
[INFO] [stderr]     Checking walkdir v2.3.3
[INFO] [stderr]     Checking clap v2.34.0
[INFO] [stderr]     Checking atty v0.2.14
[INFO] [stderr]     Checking rayon v1.7.0
[INFO] [stderr]     Checking chrono v0.4.26
[INFO] [stderr]     Checking plotters v0.3.4
[INFO] [stderr]     Checking oorandom v11.1.3
[INFO] [stderr]     Checking regex v1.8.3
[INFO] [stderr]     Checking quick-error v1.2.3
[INFO] [stderr]     Checking hex v0.4.3
[INFO] [stderr]     Checking criterion-plot v0.4.5
[INFO] [stderr]    Compiling serde_derive v1.0.163
[INFO] [stderr]     Checking csv v1.2.1
[INFO] [stderr]     Checking bytes v0.4.12
[INFO] [stderr]     Checking serde_cbor v0.11.2
[INFO] [stderr]     Checking interledger-packet v0.4.0 (/opt/rustwide/workdir)
[INFO] [stdout] error[E0425]: cannot find function `encode` in crate `hex`
[INFO] [stdout]    --> src/packet.rs:252:23
[INFO] [stdout]     |
[INFO] [stdout] 252 |                 &hex::encode(self.execution_condition()),
[INFO] [stdout]     |                       ^^^^^^ not found in `hex`
[INFO] [stdout] 
[INFO] [stdout] 
[INFO] [stdout] error[E0425]: cannot find function `encode` in crate `hex`
[INFO] [stdout]    --> src/packet.rs:366:41
[INFO] [stdout]     |
[INFO] [stdout] 366 |             .field("fulfillment", &hex::encode(self.fulfillment()))
[INFO] [stdout]     |                                         ^^^^^^ not found in `hex`
[INFO] [stdout] 
[INFO] [stdout] 
[INFO] [stdout] warning: use of deprecated method `std::error::Error::description`: use the Display impl or to_string()
[INFO] [stdout]   --> src/address.rs:45:14
[INFO] [stdout]    |
[INFO] [stdout] 45 |         self.description().fmt(f)
[INFO] [stdout]    |              ^^^^^^^^^^^
[INFO] [stdout]    |
[INFO] [stdout]    = note: `#[warn(deprecated)]` on by default
[INFO] [stdout] 
[INFO] [stdout] 
[INFO] [stdout] warning: use of deprecated method `std::error::Error::description`: use the Display impl or to_string()
[INFO] [stdout]   --> src/errors.rs:47:37
[INFO] [stdout]    |
[INFO] [stdout] 47 |             display("Error {}", err.description())
[INFO] [stdout]    |                                     ^^^^^^^^^^^
[INFO] [stdout] 
[INFO] [stdout] 
[INFO] [stdout] error[E0277]: the trait bound `chrono::ParseError: std::error::Error` is not satisfied
[INFO] [stdout]   --> src/errors.rs:29:19
[INFO] [stdout]    |
[INFO] [stdout] 29 |             cause(err)
[INFO] [stdout]    |                   ^^^ the trait `std::error::Error` is not implemented for `chrono::ParseError`
[INFO] [stdout]    |
[INFO] [stdout]    = note: required for the cast from `&chrono::ParseError` to `&dyn std::error::Error`
[INFO] [stdout] 
[INFO] [stdout] 
[INFO] [stdout] error[E0308]: mismatched types
[INFO] [stdout]    --> src/packet.rs:148:43
[INFO] [stdout]     |
[INFO] [stdout] 148 |         let expires_at = SystemTime::from(expires_at);
[INFO] [stdout]     |                          ---------------- ^^^^^^^^^^ expected `SystemTime`, found `DateTime<Utc>`
[INFO] [stdout]     |                          |
[INFO] [stdout]     |                          arguments to this function are incorrect
[INFO] [stdout]     |
[INFO] [stdout]     = note: expected struct `SystemTime`
[INFO] [stdout]                found struct `DateTime<Utc>`
[INFO] [stdout] note: associated function defined here
[INFO] [stdout]    --> /rustc/9610dfe5a9a731ced1ea4923ecbd0c57fe367898/library/core/src/convert/mod.rs:544:8
[INFO] [stdout] 
[INFO] [stdout] 
[INFO] [stdout] error[E0277]: the trait bound `DateTime<Utc>: From<SystemTime>` is not satisfied
[INFO] [stdout]    --> src/packet.rs:196:35
[INFO] [stdout]     |
[INFO] [stdout] 196 |             DateTime::<Utc>::from(expires_at).format(INTERLEDGER_TIMESTAMP_FORMAT),
[INFO] [stdout]     |             --------------------- ^^^^^^^^^^ the trait `From<SystemTime>` is not implemented for `DateTime<Utc>`
[INFO] [stdout]     |             |
[INFO] [stdout]     |             required by a bound introduced by this call
[INFO] [stdout]     |
[INFO] [stdout]     = help: the trait `From<DateTime<FixedOffset>>` is implemented for `DateTime<Utc>`
[INFO] [stdout] 
[INFO] [stdout] 
[INFO] [stdout] error[E0599]: no method named `format` found for struct `DateTime` in the current scope
[INFO] [stdout]    --> src/packet.rs:196:47
[INFO] [stdout]     |
[INFO] [stdout] 196 |             DateTime::<Utc>::from(expires_at).format(INTERLEDGER_TIMESTAMP_FORMAT),
[INFO] [stdout]     |                                               ^^^^^^ method not found in `DateTime<Utc>`
[INFO] [stdout] 
[INFO] [stdout] 
[INFO] [stdout] error[E0277]: the trait bound `DateTime<Utc>: From<SystemTime>` is not satisfied
[INFO] [stdout]    --> src/packet.rs:248:40
[INFO] [stdout]     |
[INFO] [stdout] 248 |                 &DateTime::<Utc>::from(self.expires_at()).to_rfc3339(),
[INFO] [stdout]     |                  --------------------- ^^^^^^^^^^^^^^^^^ the trait `From<SystemTime>` is not implemented for `DateTime<Utc>`
[INFO] [stdout]     |                  |
[INFO] [stdout]     |                  required by a bound introduced by this call
[INFO] [stdout]     |
[INFO] [stdout]     = help: the trait `From<DateTime<FixedOffset>>` is implemented for `DateTime<Utc>`
[INFO] [stdout] 
[INFO] [stdout] 
[INFO] [stdout] error[E0599]: no method named `to_rfc3339` found for struct `DateTime` in the current scope
[INFO] [stdout]    --> src/packet.rs:248:59
[INFO] [stdout]     |
[INFO] [stdout] 248 |                 &DateTime::<Utc>::from(self.expires_at()).to_rfc3339(),
[INFO] [stdout]     |                                                           ^^^^^^^^^^ method not found in `DateTime<Utc>`
[INFO] [stdout] 
[INFO] [stdout] 
[INFO] [stdout] error[E0277]: the trait bound `DateTime<Utc>: From<SystemTime>` is not satisfied
[INFO] [stdout]    --> src/packet.rs:277:35
[INFO] [stdout]     |
[INFO] [stdout] 277 |             DateTime::<Utc>::from(self.expires_at).format(INTERLEDGER_TIMESTAMP_FORMAT),
[INFO] [stdout]     |             --------------------- ^^^^^^^^^^^^^^^ the trait `From<SystemTime>` is not implemented for `DateTime<Utc>`
[INFO] [stdout]     |             |
[INFO] [stdout]     |             required by a bound introduced by this call
[INFO] [stdout]     |
[INFO] [stdout]     = help: the trait `From<DateTime<FixedOffset>>` is implemented for `DateTime<Utc>`
[INFO] [stdout] 
[INFO] [stdout] 
[INFO] [stdout] error[E0599]: no method named `format` found for struct `DateTime` in the current scope
[INFO] [stdout]    --> src/packet.rs:277:52
[INFO] [stdout]     |
[INFO] [stdout] 277 |             DateTime::<Utc>::from(self.expires_at).format(INTERLEDGER_TIMESTAMP_FORMAT),
[INFO] [stdout]     |                                                    ^^^^^^ method not found in `DateTime<Utc>`
[INFO] [stdout] 
[INFO] [stdout] 
[INFO] [stdout] error: aborting due to 10 previous errors; 2 warnings emitted
[INFO] [stdout] 
[INFO] [stdout] 
[INFO] [stdout] Some errors have detailed explanations: E0277, E0308, E0425, E0599.
[INFO] [stdout] 
[INFO] [stdout] For more information about an error, try `rustc --explain E0277`.
[INFO] [stdout] 
[INFO] [stderr] error: could not compile `interledger-packet` (lib) due to 11 previous errors; 2 warnings emitted
[INFO] [stderr] warning: build failed, waiting for other jobs to finish...
[INFO] running `Command { std: "docker" "inspect" "e42152702b9a0f54ca6caf200feb123098206cdd99d3aea4588bcbf2e9ec0553", kill_on_drop: false }`
[INFO] running `Command { std: "docker" "rm" "-f" "e42152702b9a0f54ca6caf200feb123098206cdd99d3aea4588bcbf2e9ec0553", kill_on_drop: false }`
[INFO] [stdout] e42152702b9a0f54ca6caf200feb123098206cdd99d3aea4588bcbf2e9ec0553
